actors of 49908.
2, 3, 4159
What are the prime factors of 3863?
3863
List the prime factors of 1581.
3, 17, 31
What are the prime factors of 723?
3, 241
List the prime factors of 14668.
2, 19, 193
List the prime factors of 839.
839
List the prime factors of 15107.
15107
List the prime factors of 254.
2, 127
What are the prime factors of 4678?
2, 2339
What are the prime factors of 2533?
17, 149
List the prime factors of 208.
2, 13
What are the prime factors of 7361?
17, 433
List the prime factors of 7066.
2, 3533
List the prime factors of 41534.
2, 19, 1093
List the prime factors of 4075.
5, 163
What are the prime factors of 106?
2, 53
List the prime factors of 780.
2, 3, 5, 13
What are the prime factors of 4199?
13, 17, 19
What are the prime factors of 241?
241
What are the prime factors of 1493?
1493
List the prime factors of 1229.
1229
List the prime factors of 8044.
2, 2011
List the prime factors of 47086.
2, 13, 1811
List the prime factors of 1515.
3, 5, 101
List the prime factors of 15.
3, 5
What are the prime factors of 829?
829
What are the prime factors of 2682?
2, 3, 149
List the prime factors of 22463.
7, 3209
What are the prime factors of 200?
2, 5
What are the prime factors of 30526?
2, 15263
What are the prime factors of 17816?
2, 17, 131
List the prime factors of 2930.
2, 5, 293
List the prime factors of 1019.
1019
List the prime factors of 818.
2, 409
What are the prime factors of 96396?
2, 3, 29, 277
What are the prime factors of 16793?
7, 2399
List the prime factors of 14854.
2, 7, 1061
What are the prime factors of 3474?
2, 3, 193
What are the prime factors of 4200?
2, 3, 5, 7
List the prime factors of 867.
3, 17
What are the prime factors of 106891?
139, 769
List the prime factors of 4871.
4871
List the prime factors of 76390.
2, 5, 7639
List the prime factors of 19439.
7, 2777
List the prime factors of 1825.
5, 73
What are the prime factors of 49097?
29, 1693
List the prime factors of 1382.
2, 691
What are the prime factors of 45606?
2, 3, 11, 691
List the prime factors of 1582.
2, 7, 113
What are the prime factors of 25083?
3, 929
What are the prime factors of 8949?
3, 19, 157
What are the prime factors of 40522?
2, 20261
What are the prime factors of 100575?
3, 5, 149
What are the prime factors of 927?
3, 103
What are the prime factors of 13226?
2, 17, 389
What are the prime factors of 48747?
3, 16249
What are the prime factors of 535?
5, 107
List the prime factors of 22423.
17, 1319
List the prime factors of 796.
2, 199
What are the prime factors of 3089?
3089
List the prime factors of 98460.
2, 3, 5, 547
List the prime factors of 149497.
149497
What are the prime factors of 377?
13, 29
What are the prime factors of 23110?
2, 5, 2311
What are the prime factors of 682?
2, 11, 31
List the prime factors of 20318.
2, 10159
What are the prime factors of 1469?
13, 113
What are the prime factors of 4359?
3, 1453
What are the prime factors of 1910?
2, 5, 191
What are the prime factors of 3475?
5, 139
What are the prime factors of 1962?
2, 3, 109
What are the prime factors of 4992?
2, 3, 13
List the prime factors of 174890.
2, 5, 17489
What are the prime factors of 560?
2, 5, 7
List the prime factors of 7705.
5, 23, 67
What are the prime factors of 734?
2, 367
What are the prime factors of 3250?
2, 5, 13
List the prime factors of 1126.
2, 563
List the prime factors of 2478.
2, 3, 7, 59
What are the prime factors of 187327?
7, 3823
What are the prime factors of 1011?
3, 337
List the prime factors of 86696.
2, 10837
What are the prime factors of 1665?
3, 5, 37
List the prime factors of 983.
983
What are the prime factors of 1569?
3, 523
What are the prime factors of 10234?
2, 7, 17, 43
What are the prime factors of 7167?
3, 2389
List the prime factors of 24606.
2, 3, 1367
What are the prime factors of 69640?
2, 5, 1741
List the prime factors of 1176.
2, 3, 7
List the prime factors of 64625.
5, 11, 47
What are the prime factors of 59253?
3, 19751
What are the prime factors of 1312?
2, 41
List the prime factors of 4595.
5, 919
What are the prime factors of 7677?
3, 853
What are the prime factors of 11075?
5, 443
List the prime factors of 532.
2, 7, 19
List the prime factors of 2723.
7, 389
What are the prime factors of 2456?
2, 307
What are the prime factors of 87604?
2, 11, 181
List the prime factors of 105076.
2, 109, 241
What are the prime factors of 44?
2, 11
List the prime factors of 518.
2, 7, 37
List the prime factors of 56788.
2, 14197
List the prime factors of 321.
3, 107
List the prime factors of 4707.
3, 523
What are the prime factors of 17141?
61, 281
What are the prime factors of 367?
367
What are the prime factors of 5903?
5903
What are the prime factors of 3396?
2, 3, 283
List the prime factors of 8920.
2, 5, 223
What are the prime factors of 25771?
25771
What are the prime factors of 8200?
2, 5, 41
What are the prime factors of 134?
2, 67
What are the prime factors of 3580?
2, 5, 179
What are the prime factors of 2602?
2, 1301
List the prime factors of 3022.
2, 1511
What are the prime factors of 103710?
2, 3, 5, 3457
What are the prime factors of 26646?
2, 3, 4441
List the prime factors of 82117.
7, 11731
List the prime factors of 592.
2, 37
List the prime factors of 997.
997
What are the prime factors of 11759?
11, 1069
List the prime factors of 1166.
2, 11, 53
List the prime factors of 2236.
2, 13, 43
List the prime factors of 2022.
2, 3, 337
List the prime factors of 4139.
4139
What are the prime factors of 391?
17, 23
What are the prime factors of 934?
2, 467
List the prime factors of 3972.
2, 3, 331
What are the prime factors of 19336?
2, 2417
List the prime factors of 6180.
2, 3, 5, 103
List the prime factors of 3862.
2, 1931
List the prime factors of 6913.
31, 223
List the prime factors of 2064.
2, 3, 43
List the prime factors of 22916.
2, 17, 337
What are the prime factors of 11087?
11087
What are the prime factors of 1877?
1877
List the prime factors of 484.
2, 11
List the prime factors of 1261.
13, 97
What are the prime factors of 35932?
2, 13, 691
What are the prime factors of 13149?
3, 487
What are the prime factors of 37281?
3, 17, 43
List the prime factors of 1322.
2, 661
List the prime factors of 766.
2, 383
List the prime factors of 1330.
2, 5, 7, 19
What are the prime factors of 11314?
2, 5657
List the prime factors of 55254.
2, 3, 9209
What are the prime factors of 439?
439
List the prime factors of 20343.
3, 6781
What are the prime factors of 2157?
3, 719
List the prime factors of 86757.
3, 11, 239
What are the prime factors of 4951?
4951
List the prime factors of 1024.
2
List the prime factors of 20066.
2, 79, 127
List the prime factors of 55826.
2, 103, 271
What are the prime factors of 1846?
2, 13, 71
What are the prime factors of 325?
5, 13
List the prime factors of 194.
2, 97
What are the prime factors of 25050?
2, 3, 5, 167
List the prime factors of 1096.
2, 137
List the prime factors of 3419.
13, 263
List the prime factors of 2849.
7, 11, 37
List the prime factors of 3530.
2, 5, 353
List the prime factors of 20803.
71, 293
What are the prime factors of 17268?
2, 3, 1439
List the prime factors of 3875.
5, 31
List the prime factors of 35211.
3, 11, 97
What are the prime factors of 503?
503
List the prime factors of 16367.
13, 1259
What are the prime factors of 1500?
2, 3, 5
List the prime factors of 59135.
5, 11827
List the prime factors of 90405.
3, 5, 7, 41
List the prime factors of 90417.
3, 30139
What are the prime factors of 63350?
2, 5, 7, 181
List the prime factors of 731.
17, 43
List the prime factors of 273.
3, 7, 13
List the prime factors of 11988.
2, 3, 37
List the prime factors of 648.
2, 3
What are the prime factors of 1275?
3, 5, 17
List the prime factors of 2186.
2, 1093
List the prime factors of 67666.
2, 23, 1471
What are the prime factors of 2916?
2, 3
What are the prime factors of 892?
2, 223
What are the prime factors of 1952?
2, 61
List the prime factors of 26560.
2, 5, 83
List the prime factors of 41425.
5, 1657
List the prime factors of 354.
2, 3, 59
List the prime factors of 430.
2, 5, 43
List the prime factors of 59.
59
What are the prime factors of 17847?
3, 661
What are the prime factors of 79119?
3, 59, 149
List the prime factors of 16529.
16529
What are the pri